ors of n*-1*(-4 - -3)?
5
Let r = -59 + 135. List the prime factors of r.
2, 19
Let n(u) = -u**3 + 10*u**2 - 4*u + 2. List the prime factors of n(9).
47
Suppose 3*d = 2*w + 28, 0*d + 4*d - w = 39. Let r(j) = 2*j - 4. List the prime factors of r(d).
2
Let z(i) = -3 + 2*i + 0 + 2. Let f(p) = p. Let h(r) = -f(r) + z(r). List the prime factors of h(7).
2, 3
Let g be 1/(39/9 - 4). List the prime factors of g - 4 - -45 - -1.
3, 5
Let f(u) = -2 - 7 + 2 - 5 - 9*u. Let z be f(-9). Suppose -5*n = 3*v - z, n - 4*v - 17 = -3*v. List the prime factors of n.
3, 5
Suppose 0 = 6*l - 3*l + 9. What are the prime factors of (-1)/(l/21) - -2?
3
Let n = 43 + -31. What are the prime factors of n?
2, 3
Let d = -11 + 7. List the prime factors of 2/3*(d - -22).
2, 3
Suppose -5*b + 0*b + 167 = 3*t, 5*b + t = 159. List the prime factors of b.
31
Let n = -2 + -2. Let r = 17 - n. Suppose 6*c - 2*c - 3*p = r, -5*p - 30 = -5*c. What are the prime factors of c?
3
Let o(z) = z + 1. Let x be o(2). Let s be -1*2 - (-21)/x. Suppose 5*p + q = 22 + 15, -p + s*q = 3. List the prime factors of p.
7
Let t(m) = m**2 + 6*m - 5. Let y be t(-8). Suppose -8 = -5*v - 4*i, -2*v - 3*v = 3*i - y. List the prime factors of v.
2
Let v be -9 + 7 + (-70)/2. Let f = 61 + v. What are the prime factors of f?
2, 3
Let g(a) = 15*a**2 - 2*a + 1. List the prime factors of g(2).
3, 19
Suppose -4*l + 5*b + 368 = 0, 3*l - l - 190 = b. List the prime factors of l.
97
Suppose -4*i = -r - 20 - 1, 0 = -5*r + i - 48. Let o = -7 - r. List the prime factors of o.
2
Suppose -2*n + 58 = -28. Let s = 15 + n. List the prime factors of s.
2, 29
Let t be ((-9)/(-4))/(18/48). Suppose -t - 11 = -j. What are the prime factors of j?
17
Let f(n) be the third derivative of n**5/60 + n**4/8 - 2*n**3/3 - 7*n**2. List the prime factors of f(4).
2, 3
Suppose -i - i = -106. What are the prime factors of i?
53
List the prime factors of (-30 + -1)/((9 + -4)/(-65)).
13, 31
Suppose -5*v = -4*a - 383, 2*a - 416 + 15 = -5*v. What are the prime factors of v?
79
Let x = -86 + 143. What are the prime factors of x?
3, 19
Suppose 168 = -0*t + 4*t. What are the prime factors of t?
2, 3, 7
Let w(t) = 2*t - 2. Suppose f + f + 6 = 0. Let c be -2*((-15)/(-2))/f. List the prime factors of w(c).
2
Suppose 5*c - 2*t - 17 = -7, 2*t + 10 = -c. Let u(y) = -y**3 + 2*y**2 - y + 48. List the prime factors of u(c).
2, 3
Let n(z) = z**3 - 9*z**2 - z + 13. Let p be n(9). Let l(i) = i**2 + i - 4. What are the prime factors of l(p)?
2
What are the prime factors of 3*(-3 - 70/(-6))?
2, 13
What are the prime factors of ((-38)/4)/((-2)/24)?
2, 3, 19
Let x = 2 - 4. Let r = 11 - x. What are the prime factors of r?
13
Let x be (-714)/(-18) + 1/3. List the prime factors of ((-4)/10)/((-2)/x).
2
Let v = 6 + -8. Let a(d) = 11*d**2 + d - 2. Let x be a(v). Suppose 3*f - 5*f = -x. What are the prime factors of f?
2, 5
Suppose -3*m = -4*h - 472, 3*m - m - 5*h - 324 = 0. Suppose 4*z = -4*c + m, 0*c - 2*z + 119 = 3*c. List the prime factors of c.
43
Let p(k) = 85*k - 42. List the prime factors of p(4).
2, 149
Let t(s) = 10*s - 1. Let c be t(-5). Let j = c - -87. Suppose -q - j = -4*q. What are the prime factors of q?
2, 3
Let y(m) = m**3 - 6*m**2 - 5*m - 2. Suppose 2*j - 2*x = -2, 3*x - 2 = -j + 1. Suppose 4*b - 14 - 14 = j. What are the prime factors of y(b)?
2, 3
Suppose 5*j + 67 = 3*f, j + 2*j = -3*f + 27. List the prime factors of f.
2, 7
What are the prime factors of 492/24 + 1/2?
3, 7
Suppose -50 - 76 = -2*n. List the prime factors of n.
3, 7
Suppose -2*l = -y + 6, 8*l + 15 = 3*y + 3*l. Suppose y = 5*r + 49 - 274. What are the prime factors of r?
3, 5
Let p be 0/(-7) - (17 + 1). List the prime factors of p/(-4)*4 - -2.
2, 5
Let s(p) = 2*p**2 - 5*p - 2. Let u be s(4). What are the prime factors of (132/u)/(4/10)?
3, 11
Let f be (-1 + -1)*(-27)/(-6). Let s = -3 - f. What are the prime factors of s?
2, 3
Suppose 12*u - 851 = 181. List the prime factors of u.
2, 43
Let r be (-36)/5*10*-1. Suppose 5*g - r = 18. Suppose i = 3*i - g. What are the prime factors of i?
3
Let c be (-4)/2 + (-736)/(-4). Suppose c + 8 = 5*f. What are the prime factors of f?
2, 19
Suppose -12 = 7*c - 3*c. Let t = c + 5. Suppose -t = -4*v + 6. List the prime factors of v.
2
Let t(x) = -x - 4. Let a be t(-8). Suppose -i - 9 = -a*i. Suppose z - i*z = -38. What are the prime factors of z?
19
Suppose 0 = -3*w + 6*w - 75. List the prime factors of w.
5
Suppose -3*k + 19 = -u - 0*k, 0 = 5*k - 25. What are the prime factors of (12/u - -30) + -2?
5
Let j(i) = 3*i**2 + 2*i + 1. Let f be j(-1). Suppose -a = f*a. Suppose 5*g + 5 = 5*m, -3*g + g + 6 = a. List the prime factors of m.
2
Suppose -3*c = -7*c + 32. List the prime factors of c.
2
Suppose -5*r + 45 = 2*z, r - 9 = -r + z. Let l = r - 20. Let s = -8 - l. List the prime factors of s.
5
List the prime factors of (-10)/(-5)*(-86)/(-4).
43
Let g be (31/2)/(5/10). Suppose g + 98 = 3*u. What are the prime factors of u?
43
Let a = 16 - -41. What are the prime factors of a?
3, 19
Let q(z) = -7*z**2 - 7*z + 12. Let f(u) = 6*u**2 + 6*u - 11. Let y(w) = 4*w + 2. Let c be y(-2). Let a(j) = c*f(j) - 5*q(j). List the prime factors of a(0).
2, 3
Let a(f) be the first derivative of -f**3/3 - 2*f**2 + 5*f + 5. Suppose 2*x = -3 - 5. List the prime factors of a(x).
5
Let k(x) be the first derivative of x**4/4 - 4*x**3/3 - x**2 + 3*x - 5. What are the prime factors of k(5)?
2, 3
What are the prime factors of (-1352)/(-8) + (-1 - 1/1)?
167
Suppose 11 + 94 = 7*n. List the prime factors of n.
3, 5
Let r = -46 + 79. List the prime factors of r.
3, 11
Let f(v) = 11*v - 11*v + 45*v**2 - 13*v**2. Let j be f(-1). Suppose 8 = -4*z + j. List the prime factors of z.
2, 3
Suppose -38*b = -40*b + 284. What are the prime factors of b?
2, 71
Suppose -6*c + 525 = -c. What are the prime factors of c?
3, 5, 7
Suppose -4*w + 30 = 2. Let v(l) = -l**3 + 8*l**2 - 6*l - 8. Let n be v(w). What are the prime factors of (-30)/((0 - -2)*n)?
3, 5
Suppose q - 179 = -4*n, 0 = -3*n + 4*q + 121 + 37. Suppose c - 3*c + n = 0. What are the prime factors of c?
23
Let h = -12 - -9. List the prime factors of 0 - 4/6*h.
2
Let k(p) = 28*p - 2. What are the prime factors of k(1)?
2, 13
Let p(c) = c**2 - c + 1. Let t be p(0). Let q = 14 + t. What are the prime factors of q?
3, 5
What are the prime factors of ((-20)/(-2))/((-10)/(-55))?
5, 11
Suppose 0 = -7*j + 2*j. Suppose j = 5*g + 3 - 18. Let q = g - 0. What are the prime factors of q?
3
Suppose 0 = -0*v + 2*v + 5*m - 102, -5*m + 270 = 5*v. List the prime factors of v.
2, 7
Let m(a) = 2*a + a + 15*a**2 - 2*a + 1. List the prime factors of m(-1).
3, 5
Let t(p) = p - 3*p + 0 - 4 + 2. List the prime factors of t(-3).
2
List the prime factors of ((-6)/5)/((-30)/1050).
2, 3, 7
Let x be 3 - (2/(-1))/(-2). Let r = -11 - -11. Let k = x - r. List the prime factors of k.
2
Suppose 2*l = -3*w + 59, 7*l - 4*l + 5*w = 91. Let h = 40 - l. What are the prime factors of (h - 4)*1/2?
7
Suppose -3*v - 2*o + 1310 = 0, 0 = -4*v + 5*o + 737 + 1002. Let k be v/8 + 1/(-2). Suppose 2*r = 5*r - k. What are the prime factors of r?
2, 3
Let p be (-1)/((-2)/(-3))*-2. Let u = 4 + 1. Let j = u - p. List the prime factors of j.
2
Suppose 5 - 69 = -2*u. List the prime factors of u.
2
Let r(m) = m**3 - 7*m**2 - 9*m + 11. Let k be r(9). Suppose -4*o = -0*o - 4*x - k, o + 5*x = 53. What are the prime factors of o?
2, 7
Let r(k) be the second derivative of k**5/20 - k**4/2 - 5*k**3/6 - k**2/2 - 5*k. List the prime factors of r(7).
13
Suppose -3*f + 2*f + 5*p = -4, 0 = 3*f + p + 20. What are the prime factors of 6/((-2)/f + 0)?
2, 3
Let a = 16 - 10. Suppose -2 = c + a. Let u = -1 - c. List the prime factors of u.
7
Suppose -43 - 23 = -3*r. What are the prime factors of r?
2, 11
Let x(v) = -v**2 + 5*v + 3. Let u be x(6). Let q(n) = -11*n - 7. What are the prime factors of q(u)?
2, 13
Let a be ((-2)/(-4))/(2/68). Let d(r) = r**3 + 7*r**2 - 7*r - 1. Let y be d(-8). Let f = a + y. What are the prime factors of f?
2
Let h(a) = -6*a**3 + a**2 + 2*a + 1. Suppose 5*j - 3*b = 25, -4 - 6 = 5*j + 4*b. Suppose -j*p + 14 = -4*i, -i - p + 6 - 2 = 0. List the prime factors of h(i).
2, 3
Suppose -2*s = -3*d + 92, -d = -3*s + 13 - 39. What are the prime factors of d?
2
List the prime factors of (-3)/(-6)*(0 - 